. Determine g(b).
3
Let n(f) = -59*f + 73. Let h(w) = 128*w - 148. Let d(a) = -6*h(a) - 13*n(a). Calculate d(-25).
-36
Let u = -154 + 155. Let b be -5 + u + 4/4. Let s(h) = 2*h - 2. Determine s(b).
-8
Let i(r) = -r**2 + 9*r - 6. Suppose 0 = -4*p - 3*h + 27, 22 = -2*p + p + 5*h. Suppose -4*g = -p*a - 8*g + 24, 16 = 2*a + 4*g. What is i(a)?
2
Let o(u) be the third derivative of 1/24*u**4 + u**2 + 2/3*u**3 + 0*u + 1/60*u**5 + 21. Give o(5).
34
Let a(p) = 8*p - 32. Let h(r) = 2*r - 5. Let j(w) = -a(w) - h(w). Determine j(-5).
87
Let d(s) = -15*s**2 - 78*s - 11. Suppose 5*a - 10 = -9*a - 80. Calculate d(a).
4
Let w(m) = -m**2 - m + 23. Let q be w(4). Let a(f) = 9*f - 5*f**q - 6*f**3 + f**3 - 10*f**2 + 11*f**3 - 7. Let j be 11 - 3/(12/8). Determine a(j).
-7
Let t(r) = -r**3 - 8*r**2 - 9*r - 3. Let u be t(-7). Let y(q) = -138*q + 39. Let g(f) = 735*f - 199. Let w(v) = -3*g(v) - 16*y(v). Give w(u).
6
Let t = -436 + 703. Suppose t*r - 36 = 258*r. Let u(j) be the second derivative of j**3/2 - 5*j**2/2 + j. What is u(r)?
7
Let g(x) = 2*x**3 - 19*x - x**3 + 20887 - 20899 - 17*x**2. Determine g(18).
-30
Let j(p) = -p**2 + 20*p + 10. Let a(s) = -3*s**2 + 59*s + 27. Let w(l) = 6*a(l) - 17*j(l). Suppose -6 = -5*v - 26, -t - 5*v - 7 = 0. Calculate w(t).
5
Let l(w) = -11*w**2 + 65*w - 4. Let n(d) = -15*d**2 + 93*d - 7. Let z(v) = 7*l(v) - 5*n(v). What is z(-6)?
-5
Let o(y) be the second derivative of -y**3/6 + 11*y**2/2 + y. Let p(f) = -6*f**3 - 323*f**2 + 1081*f - 102. Let v be p(-57). Calculate o(v).
-1
Let k = -4468 + 4476. Let t(v) = v**3 - 10*v**2 + 14*v + 16. Determine t(k).
0
Let c(k) = -16*k**3 + 13*k**2 + 3*k + 5. Let p(j) = 45*j**3 - 38*j**2 - 10*j - 17. Let i(s) = 14*c(s) + 5*p(s). Determine i(8).
-79
Let w = 83448 - 83446. Let r(n) = 7*n**2 - 9*n + 2. Let g(v) = -13*v**2 + 17*v - 4. Let p be (-2 - -4)/((-4)/22). Let l(x) = p*r(x) - 6*g(x). Determine l(w).
0
Let c(l) = -6*l**2. Let u(b) = b**2 - 11*b - 16. Let t be u(13). Suppose 14 = -3*s + t*s. Suppose s*p + p + 20 = -5*g, -g + 5*p + 24 = 0. What is c(g)?
-6
Let f(n) = 2*n**2 + 6*n - 3. Let w(d) = 5*d**2 + 18*d - 9. Let b(p) = -8*f(p) + 3*w(p). Let c(a) = a**2 - 5*a + 3. Let i(x) = -3*b(x) - 2*c(x). Determine i(7).
-4
Let l(z) = z - 9. Let b = 3367 - 3362. Determine l(b).
-4
Let x(k) be the first derivative of k**4/4 - 4*k**3/3 + k**2/2 + 4*k + 14. Let z be (-1)/(-3) + (-695)/15. Let y = z + 50. Calculate x(y).
8
Let d(q) be the third derivative of q**4/24 + 3*q**3 + 36*q**2 - q. Let f(i) = -13*i - 1. Let s be f(1). Calculate d(s).
4
Let u(k) = -16*k**3 - 53*k**3 - 11*k + 70*k**3 + 14*k**2 + 34 + 2*k**2 - 4*k. What is u(-17)?
0
Let p(o) = o**2 + 0 - 2 + 10*o - 15*o. Let i be p(4). Let b(f) = 2*f**3 - 5*f**2 + 6*f + 1. Let n(z) = -z**3 + z. Let h(t) = -b(t) - 3*n(t). Calculate h(i).
17
Let u(z) = 3*z + 14. Let p = 292 + -296. Let q be -12 - (p + -4 + -2 + 6). Calculate u(q).
-10
Suppose -88 = -2*f + 72. Let c(x) = 9*x - 79*x**3 + f*x**3 - 10*x + x**2 + 0*x. Determine c(-3).
-15
Let n = 731 + -737. Let y(a) = -7*a - 14. Suppose 6*j = 2*j + 20. Let m(b) = -b - 1. Let o(w) = j*m(w) - y(w). Calculate o(n).
-3
Let s(h) = 15*h**2 - 56*h + 198. Let q(r) = 7*r**2 - 27*r + 92. Let d(j) = 13*q(j) - 6*s(j). Determine d(15).
8
Let k be -2*(-4 + 0/5). Let p(j) = -j**3 + 12*j**3 + 3*j - 2*j**3 - 7*j**2 - k*j**3 + 5. Give p(7).
26
Let o(j) be the second derivative of j**3/6 + 5*j**2 - 8*j. Suppose 4*f + a + 30 = 0, 110*f + 3 = 111*f - 5*a. Give o(f).
3
Let a(v) = v - 2. Let u(m) = 0*m - 6 - 3 - 2*m + 10. Let y(h) = -3*a(h) + u(h). Calculate y(-5).
32
Let j(r) be the first derivative of -r**4/4 - 8*r**3/3 - 6*r**2 + 3*r - 14879. Give j(-3).
-6
Suppose 4*b - 441 = 2*w - 521, 3*b = -4*w - 82. Let n(d) = d**2 + 16*d - 91. Calculate n(b).
41
Suppose 0 = -2*l - r + 5, -2*l + 5*r + 6 = 31. Suppose l*v = -3*v - 24. Let u(f) = -f**3 - 9*f**2 - 7*f + 4. Determine u(v).
-4
Let q(f) be the third derivative of f**6/120 + f**5/20 - 5*f**4/12 + 8259*f**2. Determine q(-5).
0
Let o(d) = -2*d**2 + 8*d**2 + 0*d**2 - 4*d**2 - 14*d - 10 + 44*d. Give o(-15).
-10
Let m(v) be the first derivative of v**6/120 + v**5/30 - v**4/12 + v**3/2 + 11*v**2/2 - v + 7. Let t(g) be the second derivative of m(g). Calculate t(-3).
0
Let v be 32*11/1320 - (-2)/(-20). Let h(s) be the second derivative of 20*s - v*s**3 + 3/2*s**2 + 0. Give h(9).
-6
Let w(h) = -1368*h + 25 + 1369*h - 22. Calculate w(-3).
0
Let n be (-12)/(-10) - (-72)/240. Let y(g) be the first derivative of n*g**2 - 5*g - 4 + 2*g**3 + 1/4*g**4. Determine y(-5).
5
Let m be 196/(-42)*((-18)/4 + 3). Suppose m = -7*d + 21. Let o(c) = 4*c - 1. Determine o(d).
7
Let p = -256 - -540. Let h(y) = -3 - 291*y + 6*y**2 - p*y + 569*y - y**3 + 3. Give h(5).
-5
Let j(r) be the first derivative of r**4/12 - 7*r**3/6 + 67*r + 52. Let y(p) be the first derivative of j(p). What is y(7)?
0
Suppose -4*k - 13 = -5*t, -k - 4*t = -0*k - 23. Let u(z) = k*z - 10303*z**2 + 6 - 8*z + 10304*z**2. Give u(4).
2
Let i(b) be the third derivative of 0 + 1/24*b**4 - 2*b - 3*b**2 - 11/6*b**3. Calculate i(7).
-4
Let q(h) = 2 - 8*h - 6*h + 3*h + h. Suppose 0 = 18*o - 17*o + 2. Calculate q(o).
22
Let k(o) = -36*o + 7. Let y = -3151 + 3153. Calculate k(y).
-65
Let p(t) = t**3 - 5*t**2 + 3*t + 6. Let j be p(4). Suppose -4*w = j*i - 6 - 0, -4*i = 5*w - 12. Let s(k) be the first derivative of -k**2/2 - 1. Determine s(w).
0
Let j(c) = -191*c**3 - 7*c**2 - 14*c + 6. Let b(f) = 286*f**3 + 11*f**2 + 23*f - 9. Let x(a) = -5*b(a) - 8*j(a). Give x(-1).
-97
Let t = 32 + -13. Let b be ((-46)/(-161))/(1/7). Let k(s) = t*s - 3*s**2 + 2*s**b - 11*s. Give k(7).
7
Let i(w) = 4 + 2*w + w - 2*w. Let f be i(0). Let b(o) be the second derivative of -o**4/12 + 2*o**3/3 - 3*o**2 - 225*o. What is b(f)?
-6
Let a(b) = b**2 + 20*b - 145. Let t be a(-26). Let r(p) = -10 + 16 - t - 5*p. Give r(-4).
15
Suppose 14*a = 4*a + 280. Let t(p) = 40 - a - 11 + 7*p. Determine t(-1).
-6
Suppose -59*z + 69*z = 10. Let l(m) = 3*m**2 - 10*m - 7. Let c(s) = -s**2 - s. Let k(x) = z*l(x) + 4*c(x). Determine k(-12).
17
Let v(w) be the third derivative of -7*w**4/8 - 527*w**3/6 + 11739*w**2. Determine v(-25).
-2
Let m(y) = -48*y - 23. Let u be m(-1). Suppose u*a + 31 = 6. Let r(f) be the third derivative of -7*f**4/12 + f**3/6 + f**2. Give r(a).
15
Let y(v) = v**3 + 3*v**2 - 2*v - 3. Let n = -377 - -372. Let l be (-3 - -2) + (n - -4). What is y(l)?
5
Let j(x) be the third derivative of -x**6/120 + 7*x**5/60 - 5*x**3/6 - 3*x**2. Let n = 493 - 126. Let t = -360 + n. What is j(t)?
-5
Let g(p) = -p**3 - 7*p**2 - 2*p - 9. Let a = 1541 + -1099. Let m = -448 + a. What is g(m)?
-33
Let o(l) = 5*l**3 + 15*l**2 + 6*l - 90. Let h(t) = -4*t**3 - 14*t**2 - 5*t + 89. Let g(i) = 4*h(i) + 3*o(i). Give g(-10).
6
Let f be (-2)/9 - 975/(-135). Let l(w) = -f*w + 0*w + 3*w + 0*w + 0 - 6. What is l(-5)?
14
Let w(o) = 12*o - 1. Let a(s) = s. Let m(l) = -6*a(l) + w(l). Suppose 0 = 3*k, -3 = -3*u + 17*k - 22*k. Give m(u).
5
Let r(m) be the second derivative of m**5/20 + m**4/12 + 225*m - 5. What is r(0)?
0
Let x be ((-168)/63)/(12/63). Let h(w) = -w**2 - 13*w - 10. Determine h(x).
-24
Let f(s) = -3*s**2 + 5*s - 1. Let d be (193/(-30) - (-365)/438) + (-8)/(-5). Calculate f(d).
-69
Let u be 1/(1*(-5)/(-5)). Let v(w) = -1 - 6*w**3 + 50*w**3 - 21*w**3. Calculate v(u).
22
Let b(t) be the first derivative of -7*t**2/2 + 43*t + 2956. Give b(14).
-55
Let n(v) be the first derivative of -v**3/3 + 3*v**2/2 + 5*v + 1393. Give n(3).
5
Let n(q) be the first derivative of q**4/4 + 2*q**3/3 - 3*q**2/2 + 9*q + 87. Let o be n(0). Let w(z) = z**3 - 2*z**3 + 4 - 10*z**2 + 9*z + 2*z**3. Give w(o).
4
Suppose -3*l - 4*m - 22 = 0, 20*l + 3*m - 29 = 21*l. Let a(q) = -q**3 - 15*q**2 - 12*q - 2. Calculate a(l).
-30
Let l(m) = 11*m**2 - 5*m - 7. Let a(g) = -6*g**2 + 2*g + 3. Let x(y) = 7*a(y) + 3*l(y). Let h = 846 - 847. Determine x(h).
-8
Let s(w) be the second derivative of w**5/20 + w**4 + 3*w**2 + 7365*w. Calculate s(-11).
127
Let t(p) = -p**3 - 5*p**2 + 7*p + 11. Let r(a) = 3*a**3 + 16*a**2 - 20*a - 33. Let s(w) = 4*r(w) + 11*t(w). What is s(-7)?
108
Let u(l) = 2*l**3 - 2*l**2 - 5*l + 11. Let n be u(3). Let s = 31 - n. Let o(z) = 10*z + 1. Calculate o(s).
-9
Let j(n) = n**2 + 8*n + 1. Let c be 35/7 + -20 + 13. Calcu